, i = -2*q + 2*w + 28. Let t = q - -12. What is the units digit of t?
4
Suppose j - 4*y + 3 = 18, -2*j = 4*y - 6. Suppose 264 = -5*f - j*f. Let m(i) = -i**3 - 21*i**2 + 17*i - 5. What is the hundreds digit of m(f)?
1
Suppose -153*m = m - 48*m - 4735868. What is the thousands digit of m?
4
Suppose 0 = 27*x + 148959 - 479142. What is the units digit of x?
9
Suppose 11393 = -u + w + 52505, 5*u + w = 205530. What is the units digit of u?
7
Let y(z) = 9*z**3 - 41*z + 202. What is the tens digit of y(6)?
0
Let f = -7 - -21. Suppose r + 0*r + 3*z = f, 0 = -r + z - 2. What is the tens digit of r/6 - 1092/(-18)?
6
Suppose -p - 1 = 0, 463 + 249 = 2*t - 4*p. Suppose 0 = -7*u - t + 1460. What is the tens digit of u?
5
Suppose -9*h + 51201 - 126 = 0. What is the units digit of h?
5
Let f = 96 - 93. Suppose -3*d - 3*j + 1660 = -4*j, -5*j - 1652 = -f*d. What is the tens digit of d?
5
Suppose 205063 = 62*f - 114237. What is the hundreds digit of f?
1
Let l(q) = q**3 + 31*q**2 - 33*q - 27. Let k be l(-32). Suppose k*w - 10968 = -3*w. What is the hundreds digit of w?
3
Let c(p) = 512*p**2 + 97*p - 4. What is the thousands digit of c(-6)?
7
Let u(l) = 4*l**2 - 17*l + 9. Let k be (-12)/3 - (3 - 21). What is the units digit of u(k)?
5
Let y(f) = -1534*f**3 - f**2. Let a be y(-1). Let j = a - 658. Suppose -12*p = -19*p + j. What is the units digit of p?
5
Let i(z) = 25*z**2 - 78*z + 643. What is the units digit of i(9)?
6
Let c be 1 + (9/9)/((-1)/13). Let a be (2 - 3/(36/352))*c. Suppose 392 = 5*s - 4*d, -4*d = -2*s + 6*s - a. What is the units digit of s?
0
Let l = -68 - -145. Let i = l + 8. What is the units digit of i?
5
Suppose -14*v = 1477 - 11893. What is the units digit of v?
4
Let k = -37 + 37. Suppose k = -3*h + 490 - 70. Suppose r = -4*r + h. What is the units digit of r?
8
Suppose -5*y + 6 = -2*y. Suppose -y*h - h = -21. Suppose -a = -r - 33, 3*a + h*r - 127 = 3*r. What is the units digit of a?
7
Let q = 28 + -23. Suppose -5*b = -5, -b = 3*j - q*j + 229. Suppose -6*c = -239 - j. What is the units digit of c?
9
Let z(a) = 16*a + 17. Let y be (-6)/(-10)*(-10)/(-8)*4. Suppose y*d - 6*d + 15 = 0. What is the tens digit of z(d)?
9
Suppose 256944 = 47*k - 137546 - 263886. What is the hundreds digit of k?
0
Let x(w) = 14800*w**2 - 3*w - 9. What is the thousands digit of x(-2)?
9
Suppose 5*y = -0*k + 3*k - 28, -3*y - 10 = 5*k. Let l be 0/k - 3*(5 - 7). Suppose 0 = -l*j + 4*j + 2*u + 158, -2*j = -5*u - 146. What is the tens digit of j?
8
Let i(h) = h**2 + 27*h - 27. Suppose -44 = -5*o + 51. What is the tens digit of i(o)?
4
Suppose 4*l + c + c - 32 = 0, -15 = -l - 4*c. Let m(i) = 63*i**2 + l + 5 - 64*i**2 - 26*i. What is the tens digit of m(-20)?
3
Suppose -5*x + 6 = -19, -y + 2*x = 6. Suppose s + y = 6*s - 3*p, p - 8 = -3*s. Let a(v) = 15*v**3 + v**2 + 4*v - 4. What is the tens digit of a(s)?
2
Let m = 37816 - 19034. What is the hundreds digit of m?
7
Suppose 2*c + 2*a - 382 = 434, 4*a = 3*c - 1252. Let g = c + -373. What is the tens digit of g?
3
Let j = -50 - 11. Let d = -62 - j. What is the tens digit of -26*(2 - (d + 7)) - 2?
0
Suppose 1275 = -13*q + 16*q. Suppose -7*u = -3292 - q. What is the tens digit of u?
3
Suppose 49 - 97 = 4*j. Let n(k) = -4*k**3 - 44*k**2 + 13*k - 5. What is the units digit of n(j)?
5
Suppose -9*i + 660 - 3 = 0. Suppose 30618 = -52*v + i*v. What is the hundreds digit of v?
4
Let b(u) = -11*u**3 + 10*u**2 + 3*u + 22. Let a(m) = -12*m**3 + 11*m**2 + 3*m + 22. Let i(v) = 3*a(v) - 4*b(v). What is the tens digit of i(5)?
8
Suppose 0 = -5*c + 55 - 10. Suppose 14*n - 1040 = c*n. What is the hundreds digit of n?
2
Let v = 27 + -23. Suppose -5*q + 0*h = -h - 218, 5*q - 212 = v*h. What is the tens digit of q?
4
Let h = 25914 + -5589. What is the hundreds digit of h?
3
Let i(w) = -w**2 - 15*w - 10. Let y be i(-14). Let x be ((-38)/(-95) - 6/(-10)) + y. What is the tens digit of x*(2/(-8) - (-11326)/280)?
0
Suppose 8*s = 9349 + 2907. Suppose s = 18*n - 898. What is the units digit of n?
5
Let m(a) = -16*a - 510. Let u be m(-32). Let g(s) = s**3 + 9*s**2 - 6*s. Let i be g(-6). Suppose u*f = f + i. What is the tens digit of f?
4
Let y(j) = -106*j**3 - 2*j - 1. Suppose 22*l - 17*l = -10. Let c be y(l). Let q = c - 586. What is the units digit of q?
5
Suppose -49*h = -34*h + 360. What is the units digit of (4/h*381)/((-2)/52)?
1
Suppose -1404*o = -1432*o + 92232. What is the hundreds digit of o?
2
Let d = -5986 + 52468. What is the thousands digit of d?
6
Let i(l) = l + 1. Let b(m) be the first derivative of -7*m**2 - 4*m + 2. Let s(u) = -b(u) + 2*i(u). What is the units digit of s(5)?
6
Suppose -2*b + i = -396, i - 211 = -5*b + 786. Suppose -6*z + 2359 = b. Suppose -z = -u - 7*u. What is the tens digit of u?
4
Let k(a) = -a**3 + 10*a**2 - 7*a - 51. Let h be k(4). Let y(l) = -65*l. Let d be y(-2). Suppose -h - d = -7*t. What is the tens digit of t?
2
Let h be (1 + 17)*20/8. Suppose h*r = 43*r + 58. Suppose -t - r + 1 = -2*o, -5*t - 8 = o. What is the units digit of o?
2
Let s(d) = d**2 + d. Let o(i) = 8*i**2 + 5*i + 5. Let p(x) = o(x) - 2*s(x). Let u be (6 - 5) + 44/11. What is the units digit of p(u)?
0
Let x = 148 + -146. Suppose 5*q = 11*t - 14*t + 4799, 3*t - x*q - 4813 = 0. What is the thousands digit of t?
1
Suppose -u - 2*v = -2808 - 4746, 2*u - 4*v = 15124. What is the tens digit of u?
5
Let i(a) = 27*a**2 - 11*a + 9. Let c(g) be the first derivative of 3*g**3 - 2*g**2 + 3*g - 9. Let x(m) = -8*c(m) + 3*i(m). What is the tens digit of x(3)?
8
Let k(p) = -p**3 + 54*p**2 + 116*p - 160. What is the units digit of k(41)?
9
Suppose -213 = 10*r - 13. What is the units digit of (-17630)/r + 12/8?
3
Let s(t) = t**2 - 6*t + 10. Suppose -5*m - 4*j = -13, 128*m + 3*j = 130*m - 19. What is the units digit of s(m)?
5
Let f(v) = -341*v**3 - v. Let s be f(2). Let k(t) = -t**3 - 2*t**2 + 1. Let n be k(1). What is the tens digit of n/4 - s/28?
9
Let p(y) = -2471*y**3 - 5*y**2 + y - 6. What is the hundreds digit of p(-2)?
7
Let h(l) = 55*l**2 + 132*l + 356. What is the hundreds digit of h(-31)?
1
Let a(s) = -s**3 - s + 45. Let n be a(0). Suppose -69*p = -29*p + 720. What is the units digit of 2*n - (-20 - p)?
2
Suppose 2*a = -c + 6, -6*c + 2 = -2*c - 3*a. Let d be ((-10)/4)/((-1)/c). Suppose d*l - 4*v = -2*v + 74, -v - 30 = -2*l. What is the units digit of l?
4
Let i(d) = -23*d - 8. Let n be i(-1). Suppose -n*l + 5*l = -30. Suppose l*a + 5*a - 1632 = 0. What is the units digit of a?
4
Let o = 90767 - 58826. What is the units digit of o?
1
Let i(j) = -j - 2. Let c be i(-6). Suppose -2138 = -2*z + d, c*z + 4*d = 5*z - 1076. What is the hundreds digit of z?
0
What is the ten thousands digit of 31544 + (-2)/3*12?
3
Let x(a) = -a**3 - 3*a**2 + 11*a + 8. Let n be x(-5). Suppose 0 = 5*m + q - 968, 4*q = -n*m + 432 + 159. Let f = -37 + m. What is the units digit of f?
6
Let a(r) = r**2 + 409. Let t be a(0). Suppose -5*x + t = -3*l + 2093, 5*l - x = 2814. What is the units digit of l?
3
Suppose 0 = -s + 4*x + 9828, 2*s - x = 3249 + 16414. What is the thousands digit of s?
9
Let m(o) = -130*o + 36. Let k be m(3). Let s = k - -505. What is the units digit of s?
1
Let v be 10*(-1 + (4 - 7)). Let z = v - -42. Suppose -64 = -6*a + z*a. What is the tens digit of a?
1
Let p be 253*-2 + 9/3*-1. Let z = -331 - p. What is the hundreds digit of z?
1
Let i = -42 + 44. Suppose 0 = 4*d + 4*a - 36, -d - i*d + 2*a = -32. Let t = 3 + d. What is the units digit of t?
3
Let n(s) = -19*s - 26. Let a(o) = 25*o - 2. Let i be a(2). Suppose 23*v = 20*v - i. What is the hundreds digit of n(v)?
2
What is the hundreds digit of 2*(58239/(-9))/(-9)?
4
Let k = -17 - 3. Let z be k*(1 - 2/(-8)*-5). Suppose -z*x + 61 = 16. What is the units digit of x?
9
Suppose -r + 3*v - 48568 = -5*r, r - 12141 = -v. What is the ten thousands digit of r?
1
Let q(y) = 137*y**3 + 2*y**2 + 20*y - 18. What is the units digit of q(6)?
6
Suppose 0 = -4*w - 0*k - k + 12, -4*k = 2*w - 20. Suppose 4*h = -w*d + 22, -d - 65 = -5*h + 4*d. Suppose -h*j = 2*j - 610. What is the tens digit of j?
6
Suppose 0 = -2*c + 3*s + s + 12600, 2*c - 3*s - 12595 = 0. What is the units digit of c?
0
Let c be (8/(-6))/((-4)/6). Suppose -15*v - 17 = -77. Suppose 0 = v*t + 3*m - 395, -2*t - c*m = 74 - 272. What is the units digit of t?
8
Let